41a
In base 16, what is 1441 - -40ee?
552f
In base 13, what is -5 + 719a21?
719a19
In base 2, what is 11 - 10010000001001000010?
-10010000001000111111
In base 15, what is -899b - 2d71?
-b81c
In base 11, what is -99726060 + 3?
-99726058
In base 6, what is 100 + -4554224?
-4554124
In base 2, what is -10101 + -101001101110001011?
-101001101110100000
In base 10, what is -108 - -8642062?
8641954
In base 16, what is -44 + 22e698?
22e654
In base 16, what is -5 + 200b38?
200b33
In base 2, what is -11 - 1010110000000010111111?
-1010110000000011000010
In base 5, what is 11102230041 + -24?
11102230012
In base 12, what is 697 - 2041?
-1566
In base 7, what is 3243602264 + 5?
3243602302
In base 3, what is 1112112010012212112 + 2?
1112112010012212121
In base 16, what is 47558 - -5a?
475b2
In base 12, what is -944 + 4991?
4049
In base 11, what is 219a5000 - -3?
219a5003
In base 13, what is -129b198 + 0?
-129b198
In base 12, what is -4562 + -384?
-4926
In base 9, what is 100358 - 35?
100323
In base 10, what is -12 - 42518004?
-42518016
In base 5, what is 210204 + 23234?
233443
In base 7, what is 1365331 - 2442?
1362556
In base 15, what is 6 - -22a8ee?
22a905
In base 8, what is 1366 - 4263?
-2675
In base 8, what is 2 + 36130277?
36130301
In base 15, what is -3 - -bc4eda?
bc4ed7
In base 11, what is -830153 - -8?
-830146
In base 8, what is 1647 - 7606?
-5737
In base 5, what is -11442 + -201302?
-213244
In base 9, what is 12 - -1278784?
1278806
In base 2, what is -11101010011001111 + -1001000?
-11101010100010111
In base 3, what is -221022011112 - -120210?
-221021120202
In base 13, what is 1b249 - 139?
1b110
In base 4, what is 32033 - -1320301?
2013000
In base 9, what is 200638763 - -2?
200638765
In base 12, what is -155b7230 - -9?
-155b7223
In base 16, what is 13a54 - 9?
13a4b
In base 15, what is 81 + 12a3a?
12abb
In base 5, what is -10002 - -43040242?
43030240
In base 5, what is 1331422 + -301?
1331121
In base 4, what is 20021 + -1220202323?
-1220122302
In base 11, what is -22a6a198 + -4?
-22a6a1a1
In base 8, what is -37220252 + -17?
-37220271
In base 15, what is -6 - 4610c5?
-4610cb
In base 11, what is 1864 - -1267?
3020
In base 8, what is 172252 + 551?
173023
In base 5, what is -1300441441 - -2?
-1300441434
In base 8, what is -4034232402 + -1?
-4034232403
In base 5, what is 2404334333 - 40?
2404334243
In base 15, what is 14c8 - -212b?
3604
In base 5, what is -3332244 + 22243?
-3310001
In base 15, what is -105 + -4ae98?
-4b09d
In base 12, what is -2 + 63b7072?
63b7070
In base 5, what is -1341110 + -1133324?
-3024434
In base 6, what is -105 + 34430132?
34430023
In base 8, what is -307304 - 1537?
-311043
In base 11, what is 46251 + -7?
46245
In base 11, what is 1 - 95263?
-95262
In base 15, what is -2d19a - 3?
-2d19d
In base 13, what is -6582b12 - -4?
-6582b0b
In base 5, what is -12 - -430042344?
430042332
In base 14, what is -1cc02 + 14d?
-1ca93
In base 13, what is 63c08 - -1399?
652a4
In base 11, what is 3 + 1846786?
1846789
In base 6, what is -13014152431 - 2?
-13014152433
In base 12, what is -209 + -35596?
-357a3
In base 6, what is 13 + -153554231?
-153554214
In base 7, what is -646 + 104605133?
104604154
In base 8, what is 1 - 21476223?
-21476222
In base 12, what is 132 + -14929?
-147b7
In base 13, what is -18136 - -5300?
-12b36
In base 5, what is 4434430 + -3004?
4431421
In base 10, what is -1 - -171677876?
171677875
In base 13, what is -389853 + -4?
-389857
In base 3, what is -1000012121022 - 2112?
-1000012200211
In base 15, what is 4d93cb7 + 1?
4d93cb8
In base 8, what is -371 + -451160?
-451551
In base 4, what is 10023 - -31123031?
31133120
In base 6, what is -2 - -103144541?
103144535
In base 16, what is c5b33c - b?
c5b331
In base 6, what is 44244223 - 43?
44244140
In base 9, what is 161156575 - 5?
161156570
In base 3, what is -220202221010220 - 12?
-220202221011002
In base 4, what is -1203332 + 320213?
-223113
In base 15, what is 2b221a + -1b?
2b21ee
In base 12, what is ab9b - 111?
aa8a
In base 11, what is -900484219 - 4?
-900484222
In base 7, what is 1012 - 2612?
-1600
In base 4, what is 3 - 3303333333?
-3303333330
In base 10, what is -9801 + -896?
-10697
In base 4, what is 1112312 - 20311?
1032001
In base 12, what is -571aab + 106?
-5719a5
In base 15, what is -1ad - 2508d?
-2524b
In base 8, what is -114 - 1630516?
-1630632
In base 2, what is 1111000110110011010 - -1100000?
1111000110111111010
In base 13, what is -33540 + 9b?
-33472
In base 13, what is -2718b44c - 2?
-2718b451
In base 14, what is d - 3c2008?
-3c1dd9
In base 8, what is -436017 - 5?
-436024
In base 16, what is 426308 - -3?
42630b
In base 6, what is 43402 - -2052044?
2135450
In base 15, what is -1a856c - 4?
-1a8571
In base 5, what is -23 - 101430342?
-101430420
In base 7, what is 464361121 - -3?
464361124
In base 2, what is 100110100010011101111101000 - 110?
100110100010011101111100010
In base 15, what is -86 - -300e?
2e78
In base 12, what is 7 + -2123011?
-2123006
In base 8, what is 0 - -15750737?
15750737
In base 12, what is -2aa152a - 2?
-2aa1530
In base 12, what is 22595717 - -1?
22595718
In base 9, what is 1 + 34071776?
34071777
In base 15, what is 258633 - 2a?
258608
In base 15, what is a53521b + -5?
a535216
In base 5, what is 102412400041 + -4?
102412400032
In base 5, what is 303311 - -2301?
311112
In base 9, what is 5 - 4858632?
-4858626
In base 16, what is -10b + -16a7?
-17b2
In base 12, what is -99 + -639b31?
-63a00a
In base 2, what is 100 - -1000110110100011011101101100?
1000110110100011011101110000
In base 12, what is -4 - 53700?
-53704
In base 11, what is -1790 - -778a2?
76112
In base 11, what is 1698a46 - 30?
1698a16
In base 16, what is -100 + -24f23?
-25023
In base 10, what is -864 + -205646?
-206510
In base 2, what is 100011111101111111101 - -1101?
100011111110000001010
In base 7, what is 256304 - 120622?
135352
In base 11, what is -1a2 - -a3a65?
a3873
In base 2, what is -1010000011010110001101 + -11?
-1010000011010110010000
In base 6, what is 0 - -25340511?
25340511
In base 8, what is -1203 + 14203?
13000
In base 9, what is 3 + 71212135?
71212138
In base 14, what is 1228668 + -2?
1228666
In base 10, what is 3 - 1709461?
-1709458
In base 14, what is 2669340 + 5?
2669345
In base 14, what is -b9d + 2a57c?
297bd
In base 9, what is -1353776 - 182?
-1354068
In base 9, what is -61448 + 48?
-61400
In base 8, what is 3340 - -2042741?
2046301
In base 8, what is 164561635 + 4?
164561641
In base 13, what is 207164 - -5?
207169
In base 3, what is 1 - -2100210112221?
2100210112222
In base 4, what is 323023 - -133?
323222
In base 16, what is 13 - 2e3f3?
-2e3e0
In base 15, what is -18711 - 5e?
-18770
In base 13, what is 3ab2 + a39?
481b
In base 8, what is 4442 + 213034?
217476
In base 6, what is 41214053 + 3?
41214100
In base 13, what is 224c - -1327?
3576
In base 11, what is -610a0a4 - -45?
-610a05a
In base 3, what is -110012212121222 + 12?
-110012212121210
In base 13, what is 163576c + -46?
1635726
In base 5, what is 3303202001 + 1000?
3303203001
In base 6, what is -344 + -5522521?
-5523305
In base 12, what is 6822 - 124?
66ba
In base 12, what is 4 + -881b186?
-881b182
In base 15, what is 6059 + -17ab?
479d
In base 8, what is 0 - -212502532?
212502532
In base 2, what is 100010101001001001100011 - -111100?
100010101001001010011111
In base 12, what is 460b38 - -40?
460b78
In base 4, what is -1111201213113130 - 11?
-1111201213113201
In base 4, what is -211101031322 + -2?
-211101031330
In base 12, what is -9 + 735a6340?
735a6333
In base 3, what is -10201200110102110001 - 2?
-10201200110102110010
In base 6, what is 124423243 - -5?
124423252
In base 12, what is 2113 - -55a27?
57b3a
In base 2, what is 11000001011110010 - -1110?
11000001100000000
In base 5, what is 41343003 + -1303?
41341200
In base 13, what is -38 - 3a64b?
-3a686
In base 4, what is 2 + 123001321031?
123001321033
In base 3, what is -102010112000011022 - 11?
-102010112000011110
In base 7, what is 5133254440 - 3?
5133254434
In base 12, what is -5 - a445244?
-a445249
In base 11, what is 8a2 - -65209?
66000
In base 4, what is 1322213300022 - 1?
1322213300021
In base 7, what is 1220263 + -6125?
1211135
In base 10, what is 5 - 6204799?
-6204794
In base 10, what is 13 + 1420276?
1420289
In base 7, what is -30466233 - -2?
-3046623